Is 96702011 prime?
False
Is 4013597 prime?
False
Is 73135019 composite?
True
Is 6189341 composite?
False
Is 421832029 a composite number?
True
Is 10549087 prime?
True
Is 2928361 prime?
True
Is 126617 a prime number?
False
Is 183577241 composite?
True
Is 30544903 a composite number?
True
Is 3774643 composite?
True
Is 75778429 composite?
True
Is 116766781 a prime number?
True
Is 15510523 a composite number?
True
Is 15091171 a composite number?
False
Is 285500861 prime?
False
Is 7708177 composite?
False
Is 3638351 a prime number?
True
Is 829171 prime?
False
Is 15053767 a composite number?
True
Is 150902441 a prime number?
True
Is 12618959 prime?
False
Is 5096459 a composite number?
True
Is 83216353 a prime number?
False
Is 186478309 prime?
False
Is 52629139 composite?
False
Is 800399 a prime number?
True
Is 34887091 composite?
True
Is 18119659 a composite number?
False
Is 56384803 prime?
False
Is 2252533 prime?
False
Is 21522913 composite?
True
Is 69456253 a composite number?
False
Is 1405609 prime?
False
Is 10588849 a prime number?
False
Is 499589257 prime?
True
Is 3688331 a composite number?
False
Is 10903459 prime?
False
Is 3680249 a composite number?
False
Is 214141 a composite number?
False
Is 36323999 composite?
True
Is 9760661 prime?
False
Is 10933319 a composite number?
True
Is 35505919 a composite number?
True
Is 13005859 prime?
True
Is 75032611 prime?
False
Is 1141255 a prime number?
False
Is 19970259 composite?
True
Is 562168757 a composite number?
False
Is 1300289 composite?
False
Is 16202933 a prime number?
True
Is 60041249 composite?
False
Is 122892689 prime?
True
Is 325656433 a prime number?
False
Is 29582017 a prime number?
True
Is 373800685 composite?
True
Is 66532511 a prime number?
True
Is 476417161 composite?
True
Is 28888183 a composite number?
True
Is 5443973 a prime number?
True
Is 6602249 a prime number?
False
Is 7325653 a prime number?
True
Is 37139669 prime?
False
Is 15539987 a composite number?
False
Is 96269863 a prime number?
False
Is 7813613 a composite number?
False
Is 54268945 composite?
True
Is 57698887 prime?
True
Is 2889427 a prime number?
True
Is 3352106 composite?
True
Is 557981 a composite number?
False
Is 21868213 a prime number?
False
Is 2295233 composite?
False
Is 188631007 a prime number?
False
Is 147314731 composite?
False
Is 6236287 composite?
True
Is 196775707 prime?
False
Is 18317099 a prime number?
True
Is 5107001 a prime number?
False
Is 17535719 a composite number?
False
Is 4238483 composite?
True
Is 52181867 composite?
True
Is 31358539 composite?
True
Is 1382221 a prime number?
True
Is 24380033 a prime number?
False
Is 13147591 a prime number?
True
Is 2061859 prime?
False
Is 200191 composite?
False
Is 849953 composite?
True
Is 4907291 a composite number?
False
Is 3643879 prime?
False
Is 33611343 composite?
True
Is 2125313 a composite number?
False
Is 163538581 a composite number?
False
Is 149474723 prime?
False
Is 16200713 prime?
True
Is 4726277 prime?
True
Is 1134553 composite?
True
Is 1029825067 composite?
False
Is 8832361 a prime number?
False
Is 930707 composite?
False
Is 2305091 composite?
False
Is 1247507 a composite number?
True
Is 10864553 composite?
True
Is 7104059 composite?
False
Is 39939461 a composite number?
True
Is 603424957 composite?
False
Is 161299 a composite number?
True
Is 6317939 a composite number?
True
Is 18021131 prime?
True
Is 126782087 composite?
False
Is 3556373 composite?
True
Is 19241185 a prime number?
False
Is 26835761 prime?
False
Is 1539751 a composite number?
True
Is 2794973 a composite number?
True
Is 322891769 prime?
False
Is 353435611 composite?
False
Is 44652689 composite?
True
Is 1615871 a composite number?
False
Is 439883 a prime number?
True
Is 311593 a prime number?
False
Is 13392407 a composite number?
True
Is 146892377 a prime number?
True
Is 75332479 a composite number?
False
Is 16789471 composite?
True
Is 50938201 prime?
True
Is 69633206 prime?
False
Is 17305207 prime?
True
Is 641394973 a prime number?
True
Is 1328981 a prime number?
True
Is 383021657 prime?
True
Is 17498801 a prime number?
True
Is 148642745 a composite number?
True
Is 98332987 prime?
False
Is 5632577 a prime number?
False
Is 507522881 composite?
True
Is 15210919 composite?
False
Is 6636379 composite?
True
Is 38801143 prime?
True
Is 64884151 a prime number?
True
Is 14545451 a prime number?
False
Is 26785489 a composite number?
True
Is 38870141 prime?
True
Is 873659 a prime number?
True
Is 70075579 composite?
True
Is 12963809 prime?
False
Is 1357969 prime?
True
Is 3220369 composite?
True
Is 7731167 prime?
False
Is 10877261 prime?
False
Is 4413809 a composite number?
True
Is 301943 a prime number?
True
Is 34829741 a composite number?
True
Is 2872385 composite?
True
Is 33678673 prime?
False
Is 35089 composite?
False
Is 9474239 composite?
True
Is 2503577 a prime number?
True
Is 368575721 prime?
True
Is 12772042 composite?
True
Is 3748981 a prime number?
True
Is 35504759 a composite number?
True
Is 2721829 a prime number?
False
Is 53391421 prime?
True
Is 1334197 prime?
False
Is 622059773 a composite number?
True
Is 11424209 prime?
True
Is 25116211 a prime number?
True
Is 40533509 prime?
True
Is 7126423 prime?
False
Is 128848849 a composite number?
True
Is 9196193 a composite number?
True
Is 100138603 composite?
False
Is 124263611 a composite number?
False
Is 12728113 a prime number?
True
Is 62086597 composite?
False
Is 15931649 composite?
True
Is 191852673 a prime number?
False
Is 3181813 prime?
True
Is 995746 composite?
True
Is 133487879 prime?
False
Is 37940183 a prime number?
True
Is 194539057 composite?
False
Is 96948799 composite?
True
Is 11699867 prime?
True
Is 26944627 prime?
False
Is 10065091 a composite number?
False
Is 12488809 prime?
False
Is 297901 a composite number?
True
Is 2699231 composite?
True
Is 900599 a prime number?
False
Is 5598917 composite?
False
Is 266768077 prime?
True
Is 3931723 a prime number?
False
Is 543788347 a prime number?
True
Is 4595237 a composite number?
True
Is 940481 a composite number?
True
Is 2745341 composite?
True
Is 5292871 a composite number?
True
Is 1522579 a composite number?
False
Is 12424691 prime?
True
Is 4684523 composite?
False
Is 1120841 prime?
False
Is 28491283 prime?
True
Is 20927839 prime?
True
Is 6415679 a composite number?
False
Is 76315121 prime?
True
Is 700897627 a prime number?
True
Is 182509667 prime?
False
Is 2957281 a composite number?
True
Is 1323529 composite?
False
Is 14798695 a prime number?
False
Is 5294767 a composite number?
True
Is 8033291 prime?
False
Is 34569739 composite?
True
Is 15246169 prime?
False
Is 1634987 a composite number?
False
Is 11955737 prime?
True
Is 227819191 composite?
True
Is 2489077 composite?
False
Is 33540457 a prime number?
True
Is 121291697 composite?
False
Is 9628049 composite?
True
Is 34998773 a prime number?
True
Is 2742629 prime?
True
Is 6719041 composite?
True
Is 288941713 prime?
True
Is 436187 composite?
True
Is 1275947 a composite number?
False
Is 54089851 composite?
True
Is 2772967 composite?
False
Is 565013 a composite number?
False
Is 50909735 a composite number?
True
Is 14892793 composite?
False
Is 275373697 composite?
True
Is 1741219 composite?
True
Is 6172703 prime?
False
Is 76153001 composite?
False
Is 14323301 a composite number?
False
Is 15468569 composite?
False
Is 26599787 prime?
False
Is 330007 composite?
True
Is 13367239 a composite number?
False
Is 106020023 a prime number?
True
Is 21229913 a prime number?
False
Is 16855331 prime?
True
Is 12914297 a prime number?
False
Is 136731223 a prime number?
True
Is 6101077 a composite number?
False
Is 27270361 prime?
False
Is 626369 a composite number?
True
Is 41459854 composite?
True
Is 13895159 composite?
False
Is 89266 a prime number?
False
Is 7532209 prime?
True
Is 81887237 a prime number?
True
Is 9571531 composite?
False
Is 20679499 composite?
False
Is 125283773 a composite number?
False
Is 341524699 composite?
True
Is 3468911 prime?
True
Is 1319971 composite?
True
Is 163740449 prime?
True
Is 64066061 prime?
False
Is 7796059 composite?
False
Is 433141 a prime number?
True
Is 34638977 prime?
False
Is 383200619 composite?
False
Is 3358951 prime?
False
Is 3356753 prime?
False
Is 48760271 a prime number?
False
Is 315932803 prim